9)?
-11
What is the value of -1 - 7 - (-413 - -381)?
24
Calculate 6 - (13 + (0 - 6) - -9).
-10
What is 18 - (-1 - -18) - (0 - 0)?
1
Evaluate -8 - ((9 - 2) + -15) - (1 + -8).
7
Evaluate -24 + (-40 - -76) + (0 - 5).
7
What is 12 - ((0 - -7) + (47 - 23))?
-19
9 - (20 + (-13 - (-1 - 4)))
-3
What is the value of 33 - -1 - ((66 - 10) + -43)?
21
What is (6 - 3) + (-1 - (1 + -10))?
11
What is the value of 6 + 1 - (-2 - -3 - (-23 + 6))?
-11
What is the value of -13 + 48 + -69 - -28?
-6
Calculate 15 + (8 - 15 - 2) + -6.
0
Evaluate -75 - -63 - -36 - (0 + 14).
10
Evaluate 3 + -19 - (12 + -19 - (-2 + -14)).
-25
What is -2 + (80 + -93 - (-13 - 2))?
0
What is (4 - 1) + 7 + (-13 - -2)?
-1
Calculate (-23 - (-7 - -8)) + (-1 - -5).
-20
(13 - ((5 - -13) + 4)) + 0 + 0
-9
Calculate -8 + 0 + 2 + (17 - (8 - -8)).
-5
What is (-6 - -37) + -102 + 79?
8
Calculate -1 + 21 + -13 - 10.
-3
Calculate 3 - 12 - (-24 - -5).
10
What is the value of (17 - -1) + (663 - 673)?
8
14 + 1 - (-26 + 33 + -14)
22
Calculate 10 - 23 - -16 - (-1 - 0).
4
What is (-1 - 6) + -3 - (1 + 2 - 29)?
16
What is the value of (-10 + 0 - (-13 - -39)) + 10?
-26
-33 - (6 - -11 - 30)
-20
Evaluate 33 + -1 - (-18 - (-39 - (2 + -13))).
22
-16 - (-13 - 33 - -15)
15
Calculate (-16 + 1 - (-4 + 12 + -15)) + 4.
-4
What is the value of 5 + (1 - 1) - (32 + -86 + 50)?
9
(-18 - (-21 - -22)) + 2
-17
Calculate 4 - (6 - (-7 + 9)).
0
(2 - 1) + -4 + 4 + (-4 - -3)
0
What is (189 - 182 - (-4 - 0)) + -9?
2
23 - (25 - -12) - 0
-14
Calculate 2 + -1 + 30 - (-12 - (-4 + -19)).
20
Evaluate (34 - 9) + -14 + 3.
14
Evaluate 5 + (0 - (7 + 0)) + 21 + -14.
5
What is the value of -55 - -47 - (15 + -8)?
-15
Evaluate (-10 - -9) + (1 - -1) + 18.
19
(2 - 3) + 7 + 61 + -12 + -45
10
(-17 - (-7 - (6 - (9 + -5)))) + -16
-24
What is -2 + (12 - 8) + (2 - 2) + -3?
-1
What is -7 + 8 + -12 + (14 - 6)?
-3
Calculate (-5 + 5 + -26 - -1) + -97 + 102.
-20
What is the value of (5 - (1 + 3 - 10)) + 0?
11
(16 - 27 - -10) + 5
4
Evaluate (-6 - (-17 - -16)) + -4.
-9
(0 + -7 - (-25 + 18)) + -7
-7
Evaluate 5 - (5 - -4) - (1 - -2) - -11.
4
(-1 - -9 - 15 - -32) + 2
27
Calculate -16 + (20 - (27 - 15)).
-8
Calculate -12 + (-15 - 0 - -14 - -26).
13
What is the value of 8 - -1 - (-14 + 5 - -12)?
6
Evaluate (-1914 - -1919) + (-1 - (0 - 0)).
4
What is the value of 24 + -42 - -3 - 6?
-21
-8 + -3 + (-5 - -23)
7
(-3 + 8 - 4) + -3 - 2 - -5
1
Calculate -32 + 21 - (-30 - 14).
33
What is the value of -22 + -10 + 5 + (-12 - -15)?
-24
-2 + 3 + -4 + (11 - 3)
5
What is the value of (-3 - -12) + -20 + -1 + 10?
-2
What is the value of (-25 - -44) + (-7 - 4)?
8
-2 + -3 + (0 - -6) + -5 - 0
-4
What is the value of -8 + 7 + 4 + -3 + (-5 - 3)?
-8
-18 + 7 - -1 - -11
1
What is 0 + (4 + -4 - 4 - -8 - 2)?
2
-9 - (3 + (1 - -5) + -22)
4
What is the value of 2 + 2 - (0 + -12 + 9 - -12)?
-5
What is the value of -8 - (-6 + (12 - 12) + 1)?
-3
What is -3 - 7 - 4 - (-31 - -20)?
-3
What is the value of -2 + -1 + 11 + (-21 - (6 + -22))?
3
Calculate (-14 - (14 - 9)) + 5.
-14
Evaluate 42 + 1 - (15 - -8 - (7 + 5)).
32
What is the value of (32 - 1) + -13 + -31?
-13
What is 67 - 90 - (-1 + -12)?
-10
What is 14 + (-32 - (-28 + 9))?
1
Evaluate 0 + -5 + (0 - -5) + -7.
-7
Calculate 14 + (30 + -26 - ((-1 - 1) + 9)).
11
18 + (-29 - -19) + (2 - -1)
11
What is 20 - (-1 + 8 + 6) - 4?
3
Evaluate 4 + -1 - (-6 + (3 - 0)).
6
Evaluate 1 + -44 - (1067 - 1094).
-16
(21 - 7) + -4 + 0 + 2
12
What is (-9 - -16 - 5) + (2 - 5) - 5?
-6
What is the value of (15 + -4 - (38 - 28)) + 3 + -13?
-9
Calculate 9 + 0 - (32 + -16 + -2).
-5
Calculate -1 - -6 - (-9 - -27).
-13
Calculate 17 + -13 + -1 - (-1 + 24 + -1).
-19
Calculate (7 - (-8 + -11)) + 8 + -2 + 1.
33
(-3 - 7) + 21 - 4 - (14 - 0)
-7
Calculate (1 - (-2 - -20)) + 3.
-14
Calculate (15 - 12 - (-14 + 1)) + -34 + 31.
13
What is 6 - ((5 - 0) + (3 - 0))?
-2
57 + -63 + -4 + 2 + 3
-5
-4 + 24 - (-45 + 39) - 12
14
Evaluate 2 + -17 + -1 - -7.
-9
What is (-7 - (-5 + (-16 - -5))) + -1?
8
What is 4 - (-1 + 1 + 0) - -2?
6
(-10 + 25 - 6) + 2 + 0 + 3
14
-74 + 78 + ((-14 - -5) + -2 - -2)
-5
14 + (-3 - (-4 + 12 + -4))
7
What is -23 + 48 - (-11 - (-12 - (4 + -10)))?
30
Evaluate (-8 - (-1 - -1)) + 32 + -10.
14
Calculate -13 + 5 + (-6 - (-1 + 1 + -3)).
-11
What is -2 + 10 + -10 + -11?
-13
What is -3 - 8 - -3 - -9 - (1 - -17)?
-17
What is the value of 36 + (-86 - (-47 - -35))?
-38
What is -20 + (-11 - -10 - -10 - 2)?
-13
0 + (-9 - -19 - 9)
1
What is -1719 - -1743 - (1 + -2 + 10)?
15
What is the value of 3 - (3 - 5) - (19 + 9 + -19)?
-4
What is 4 + 4 + 20 + -33?
-5
3 - (9 - -5 - 0 - 34)
23
Calculate 13 + -12 + 8 + -1 - 10.
-2
Calculate 1 - (-6 + 2 - (41 + -57)).
-11
Evaluate 2 + (1 - 2) + -3 - (8 + -20).
10
(-69 - -58) + (4 - (-19 - 6))
18
Calculate (1 - 0 - 8) + -4 + 7.
-4
Calculate 3 - 18 - (-23 - 3).
11
13 + 11 + -20 + -16 - 14
-26
What is the value of -8 + -3 + 4 - (-2 - 1)?
-4
Evaluate -3 + (-10 + (28 - 12) - -20).
23
Evaluate (6 - -4) + (-1 + 3 - 22).
-10
What is the value of -33 - ((21 - 14) + -6 + -13)?
-21
Calculate 13 + (-38 - -24) + 4.
3
Evaluate (683 - 681) + 17 + -3.
16
Evaluate 16 + ((-3 - -6) + -15 - -1).
5
Evaluate -13 + 16 + (-7 - 2) + 3 + -12.
-15
What is -4 + -1 + (-2 - (3 + 3))?
-13
Calculate (-16 + 48 - -7) + -14 - 14.
11
What is the value of 4 + (-1 + -25 - (-99 - -107))?
-30
What is the value of (0 - -33) + -11 + (-2 - -10 - 7)?
23
What is (-25 - -45) + -10 + (25 - 12)?
23
Evaluate 6 + (-13 - (15 + -17)).
-5
What is the value of (-81 - -40) + -3 - -77?
33
What is -1 + -3 - (112 + -125)?
9
What is the value of (-51 + -3 - -47) + -17 + 1?
-23
2 - (-1 + (1 - (1 + 5) - -3))
5
(1 - 1) + -1 + (21 - 14)
6
Evaluate 8 - (-12 - -1 - (-54 - -26 - -22)).
13
What is (7 - (-4 - -17)) + 22?
16
Calculate (6 + -19 - -2) + 1 + 13 + -7.
-4
What is -1 + (37 - (-6 + 16)) - 6?
20
Evaluate -1 + 28 - (17 + -22) - 15.
17
Calculate -4 - (-15 - -23) - 2.
-14
-13 + -5 - (5 - (6 - 1))
-18
What is the value of (4 - -27) + (-18 - (10 - 6 - 14))?
23
Calculate (2 - 14) + (7 - (4 + 8)).
-17
Calculate 26 + -15 - (3 - 0) - (-2 - -28).
-18
What is the value of (6 - -18) + (-2 - 2)?
20
What is (4 - 7) + -4 + 10?
3
What is the value of 29 - (1 + 2 + (-133 - -124) + 8)?
27
(3 - (-1 + 13)) + 4 - (-26 + 0)
21
What is the value of 16 - 10 - 3 - (2 - -4)?
-3
What is -17 + (26 + -14 - 18) + (4 - -3)?
-16
Evaluate -8 - (-4 + 6 - 7 - -2) - -1.
-4
Calculate -1 - 6 - (12 + -13 + -13).
7
What is (-9 - -22) + -10 + 6 + -13?
-4
-10 - 0 - ((19 - 24) + 6)
-11
Evaluate (1 - 77) + 266 + -222.
-32
0 + 8 + (-51 - -59) + 7 + 0
23
Calculate -9 + 5 + 18 - (-5 + 16).
3
What is 8 - (5 - -8) - -11?
6
Calculate 6 - (25 + -11) - (-1 - (-1 + -2)).
-10
What is the value of 41 + -51 - 21 - (0 + -4 - 2)?
-25
-7 + (13 - 11 - -4) + -2 + 21
18
Calculate 8 + (271 + -281 - (-1 - (6 + 1))).
6
Calculate (6 - (51 - 28)) + 18.
1
What is -3 - (23 - 8 - 26)?
8
What is (-3 - ((-1 - -1) + (12 - 21))) + -23?
-17
-11 - -20 - 11 - (-1 + -3 + -14)
16
Calculate (3 - -12 - (-41 - -47)) + -45.
-36
Calculate -649 + 689 + (-21 - 0).
19
Calculate 37 + -30 + (0 - (3 - 22)).
26
Calculate -119 + (99 - -46) - (-1 + -1 + 0).
28
Calculate -24 + (-4 - -2) + (-8 - -18 - 1).
-17
What is the value of 90 + -88 + (0 - 7)?
-5
What is 6 + -4 + -10 + 41 + -17?
16
What is -2 - (5 - (-4 + -3) - -2)?
-16
Calculate (-7 + -7 + 14 - -4) + -18.
-14
Calculate -15 + (5 - -2) + -7 - (-5 + 3).
-13
Calculate -16 + -9 + 5 + 9.
-11
What is the value of 0 - (-16 + 9 + -11 + 12)?
6
What is -17 + 4 + (-8 - -5 - 6) + 7?
-15
(108 - 103 - (-2 - -22)) + -16
-31
What is (12 - (39 + -8)) + 3?
-16
Calculate (-8 + (-4 - -8) - 2) + -3.
-9
What is the value of -11 + 3 + 7 + (-3 - -6)?
2
What is the value of (19 + -16 - -23) + -13?
13
What is (-15 - -8) + 10 + (7 - 1) + 1?
10
What is (1 - (-2 - -39)) + (3 - (-16 - -17))?
-34
Evaluate -4 + (4 - (-6 - 5)).
11
Calculate (-14 - -1) + 3 + 2 - -13.
5
What is the value of -5 - (4 - (-4 + 26))?
13
(2 - (-6 + (15 - 6))) + 47 + -67
-21
Calculate 5 - 4 - (13 + -4) - 8.
-16
Calculate -15068 + 15059 - (0 - (19 - 0)).
10
What is the value of 20 + (-35 - 8) - -14?
-9
Evaluate -30 - 5 - -35 - (1 - 17).
16
Calculate -8 - 20 - (-2 + (-7 - -7) + 11).
-37
What is 28 + -41 + (-3 - -19)?
3
What is the value of 8 - (0 - (2 + -36 + -10) - 7)?
-29
Calculate -2 - 0 - (-108 + 110).
-4
Wh